{"id":7,"date":"2016-06-10T10:40:53","date_gmt":"2016-06-10T10:40:53","guid":{"rendered":"http:\/\/www.dusnic.es\/blog\/?page_id=7"},"modified":"2016-06-10T10:40:59","modified_gmt":"2016-06-10T10:40:59","slug":"politica-de-cookies","status":"publish","type":"page","link":"https:\/\/www.dusnic.es\/blog\/politica-de-cookies\/","title":{"rendered":"Pol\u00edtica de cookies"},"content":{"rendered":"<p><strong>a) Utilizaci\u00f3n de Cookies y Web Bugs por dusnic.es\/blog<br \/>\n<\/strong><\/p>\n<p><strong>b) Tipolog\u00eda, finalidad y funcionamiento de las Cookies<\/strong><\/p>\n<p><strong>c) C\u00f3mo deshabilitar las Cookies y los Web Bugs en los principales navegadores<\/strong><\/p>\n<p><strong>d) Qu\u00e9 ocurre si se deshabilitan las Cookies<\/strong><\/p>\n<p>&nbsp;<\/p>\n<p><strong>a) Utilizaci\u00f3n de Cookies en esta p\u00e1gina:<\/strong><\/p>\n<p>Esta web utiliza \u00a8Cookies\u00a8, y otros mecanismos similares (en adelante, Cookies). Las Cookies son ficheros enviados a un navegador por medio de un servidor web para registrar las actividades del Usuario en una web determinada o en todas las webs, apps y\/o servicios de la web dusnic.es\/blog (en adelante, los Servicios). La primera finalidad de las Cookies es la de facilitar al Usuario un acceso m\u00e1s r\u00e1pido a los diferentes servicios de esta web. Adem\u00e1s, las Cookies se utilizar para poder realizar el seguimiento a lo largo del proceso de compra para poder mejorar la experiencia de usuario<\/p>\n<p>Esta web utiliza Cookies para personalizar y facilitar al m\u00e1ximo la navegaci\u00f3n del Usuario. Las Cookies se asocian \u00fanicamente a un Usuario an\u00f3nimo y su ordenador y no proporcionan referencias que permitan deducir datos personales del Usuario. El Usuario podr\u00e1 configurar su navegador para que notifique y rechace la instalaci\u00f3n de las Cookies enviadas por esta web, sin que ello perjudique la posibilidad del Usuario de acceder a los Contenidos. Sin embargo, le hacemos notar que, en todo caso, la calidad de funcionamiento de la p\u00e1gina Web, as\u00ed como algunos servicios ofrecidos en ella podr\u00edan no estar disponibles.<\/p>\n<p>Los Usuarios registrados que se registren o que hayan iniciado sesi\u00f3n, podr\u00e1n beneficiarse de unos servicios m\u00e1s personalizados y orientados a su perfil, gracias a la combinaci\u00f3n de los datos almacenados en las cookies con los datos personales utilizados en el momento de su registro. Dichos Usuarios autorizan expresamente el uso de esta informaci\u00f3n con la finalidad indicada, sin perjuicio de su derecho a rechazar o deshabilitar el uso de cookies.<\/p>\n<p>Esta web tambi\u00e9n utiliza Web Bugs, que son im\u00e1genes diminutas y transparentes insertas en los emails. Cuando el Usuario abre el email, esta imagen se descarga junto con el resto del contenido del email y permite conocer si un email concreto ha sido abierto o no, as\u00ed como la direcci\u00f3n IP desde la que se ha descargado. Esta web puede hacer uso de esta informaci\u00f3n para obtener estad\u00edsticas y poder realizar estudios anal\u00edticos sobre la recepci\u00f3n de sus emails por parte de los Usuarios.<\/p>\n<p><strong>\u00a0Cookies propias utilizadas en esta web:<\/strong><\/p>\n<p>&#8211; <strong>avisopc<\/strong>: Utilizada para mostrar el aviso sobre la pol\u00edtica de cookies.<\/p>\n<p><strong>b) Tipolog\u00eda, finalidad y funcionamiento de las Cookies:<\/strong><\/p>\n<p>Las Cookies, en funci\u00f3n de su permanencia, pueden dividirse en Cookies de sesi\u00f3n o permanentes. Las primeras expiran cuando el Usuario cierra el navegador. Las segundas expiran en funci\u00f3n cuando se cumpla el objetivo para el que sirven o bien cuando se borran manualmente.<\/p>\n<p>Adicionalmente, en funci\u00f3n de su objetivo, las Cookies pueden clasificarse de la siguiente forma:<\/p>\n<p>COOKIES DE RENDIMIENTO: Este tipo de Cookie recuerda sus preferencias para las herramientas que se encuentran en los Servicios, por lo que no tiene que volver a configurar el servicio cada vez que usted visita. A modo de ejemplo, en esta tipolog\u00eda se incluyen:<\/p>\n<ul>\n<li>Ajustes de volumen de reproductores de v\u00eddeo o sonido.<\/li>\n<li>Las velocidades de transmisi\u00f3n de v\u00eddeo que sean compatibles con su navegador.<\/li>\n<li>Los objetos guardados en el \u201ccarrito de la compra\u201d en los Servicios de E-commerce tales como tiendas.<\/li>\n<\/ul>\n<p>COOKIES DE GEO-LOCALIZACI\u00d3N: Estas Cookies son utilizadas para averiguar en qu\u00e9 pa\u00eds se encuentra cuando se solicita un Servicio. Esta Cookie es totalmente an\u00f3nima, y s\u00f3lo se utiliza para ayudar a orientar el contenido a su ubicaci\u00f3n.<\/p>\n<p>COOKIES DE REGISTRO: Las Cookies de registro se generan una vez que el Usuario se ha registrado o posteriormente ha abierto su sesi\u00f3n, y se utilizan para identificarle en los Servicios con los siguientes objetivos:<\/p>\n<ul>\n<li>Mantener al Usuario identificado de forma que, si cierra un Servicio, el navegador o el ordenador y en otro momento u otro d\u00eda vuelve a entrar en dicho Servicio, seguir\u00e1 identificado, facilitando as\u00ed su navegaci\u00f3n sin tener que volver a identificarse. Esta funcionalidad se puede suprimir si el Usuario pulsa la funcionalidad \u201ccerrar sesi\u00f3n\u201d, de forma que esta Cookie se elimina y la pr\u00f3xima vez que entre en el Servicio el Usuario tendr\u00e1 que iniciar sesi\u00f3n para estar identificado.<\/li>\n<\/ul>\n<ul>\n<li>Comprobar si el Usuario est\u00e1 autorizado para acceder a ciertos Servicios, por ejemplo, para participar en un concurso.<\/li>\n<\/ul>\n<p>Adicionalmente, algunos Servicios pueden utilizar conectores con redes sociales tales como Facebook o Twitter. Cuando el Usuario se registra en un Servicio con credenciales de una red social, autoriza a la red social a guardar una Cookie persistente que recuerda su identidad y le garantiza acceso a los Servicios hasta que expira. El Usuario puede borrar esta Cookie y revocar el acceso a los Servicios mediante redes sociales actualizando sus preferencias en la red social que espec\u00edfica.<\/p>\n<p>COOKIES DE ANAL\u00cdTICAS: Cada vez que un Usuario visita un Servicio, una herramienta de un proveedor externo (Google Analytics) genera una Cookie anal\u00edtica en el ordenador del Usuario. Esta Cookie que s\u00f3lo se genera en la visita, servir\u00e1 en pr\u00f3ximas visitas a los Servicios de esta web para identificar de forma an\u00f3nima al visitante. Los objetivos principales que se persiguen son:<\/p>\n<ul>\n<li>Permitir la identificaci\u00f3n an\u00f3nima de los Usuarios navegantes a trav\u00e9s de la \u201cCookie\u201d (identifica navegadores y dispositivos, no personas) y por lo tanto la contabilizaci\u00f3n aproximada del n\u00famero de visitantes y su tendencia en el tiempo.<\/li>\n<li>Identificar de forma an\u00f3nima los contenidos m\u00e1s visitados y por lo tanto m\u00e1s atractivos para los Usuarios<\/li>\n<li>Saber si el Usuario que est\u00e1 accediendo es nuevo o repite visita.<\/li>\n<\/ul>\n<p>Importante: Salvo que el Usuario decida registrarse en esta web, la \u201cCookie\u201d nunca ir\u00e1 asociada a ning\u00fan dato de car\u00e1cter personal que pueda identificarle. Dichas Cookies s\u00f3lo ser\u00e1n utilizadas con prop\u00f3sitos estad\u00edsticos que ayuden a la optimizaci\u00f3n de la experiencia de los Usuarios en el sitio.<\/p>\n<p>M\u00e1s informaci\u00f3n sobre la pol\u00edtica de privacidad de estas herramientas en:<\/p>\n<table border=\"0\">\n<tbody>\n<tr>\n<td>Google Analytics<\/td>\n<td>Google Analytics es una herramienta gratuita de an\u00e1lisis web de Google que principalmente permite que los propietarios de sitios web conozcan c\u00f3mo interact\u00faan los usuarios con su sitio web. Asimismo, habilita cookies en el dominio del sitio en el que te encuentras y utiliza un conjunto de cookies denominadas \u00ab<strong>__utma<\/strong>\u00bb y \u00ab<strong>__utmz<\/strong>\u00bb para recopilar informaci\u00f3n de forma an\u00f3nima y elaborar informes de tendencias de sitios web sin identificar a usuarios individuales. M\u00e1s informaci\u00f3n sobre las <a href=\"http:\/\/developers.google.com\/analytics\/resources\/concepts\/gaConceptsCookies\">cookies de Google Analytics e informaci\u00f3n sobre la privacidad<\/a><\/td>\n<\/tr>\n<\/tbody>\n<\/table>\n<p>&nbsp;<\/p>\n<p><strong>c) C\u00f3mo deshabilitar las Cookies y los Web Bugs en los principales navegadores:<\/strong><\/p>\n<p>Normalmente es posible dejar de aceptar las Cookies del navegador, o dejar de aceptar las Cookies de un Servicio en particular.<\/p>\n<p>Todos los navegadores modernos permiten cambiar la configuraci\u00f3n de Cookies. Estos ajustes normalmente se encuentra en las \u2018opciones\u2019 o \u2018Preferencias\u2019 del men\u00fa de su navegador. Asimismo, puede configurar su navegador o su gestor de correo electr\u00f3nico, as\u00ed como instalar complementos gratuitos para evitar que se descarguen los Web Bugs al abrir un email.<\/p>\n<p>&nbsp;<\/p>\n<p>Esta web ofrece orientaci\u00f3n al Usuario sobre los pasos para acceder al men\u00fa de configuraci\u00f3n de las cookies y, en su caso, de la navegaci\u00f3n privada en cada uno de los navegadores principales:<\/p>\n<ul>\n<li><strong>Internet Explorer<\/strong>: Herramientas -&gt; Opciones de Internet\u00a0-&gt; Privacidad\u00a0-&gt; Configuraci\u00f3n.<\/li>\n<\/ul>\n<p>Para m\u00e1s informaci\u00f3n, puede consultar el <a href=\"http:\/\/windows.microsoft.com\/es-ES\/windows\/support\">soporte de Microsoft<\/a> o la Ayuda del navegador.<\/p>\n<ul>\n<li><strong>Firefox<\/strong>: Herramientas\u00a0-&gt; Opciones\u00a0-&gt; Privacidad\u00a0-&gt; Historial\u00a0-&gt; Configuraci\u00f3n Personalizada.<\/li>\n<\/ul>\n<p>Para m\u00e1s informaci\u00f3n, puede consultar el <a href=\"http:\/\/support.mozilla.org\/es\/home\">soporte de Mozilla<\/a> o la Ayuda del navegador.<\/p>\n<ul>\n<li><strong>Chrome<\/strong>: Configuraci\u00f3n\u00a0-&gt; Mostrar opciones avanzadas\u00a0-&gt; Privacidad\u00a0-&gt; Configuraci\u00f3n de contenido.<\/li>\n<\/ul>\n<p>Para m\u00e1s informaci\u00f3n, puede consultar el <a href=\"http:\/\/support.google.com\/chrome\/?hl=es\">soporte de Google<\/a> o la Ayuda del navegador.<\/p>\n<ul>\n<li><strong>Safari<\/strong>: Preferencias\u00a0-&gt; Seguridad.<\/li>\n<\/ul>\n<p>Para m\u00e1s informaci\u00f3n, puede consultar el <a href=\"http:\/\/www.apple.com\/es\/support\/safari\/\">soporte de Apple<\/a> o la Ayuda del navegador.<\/p>\n<p>&nbsp;<\/p>\n<p><strong>d) Qu\u00e9 ocurre si se deshabilitan las Cookies:<\/strong><\/p>\n<p>Algunas funcionalidades de los Servicios quedar\u00e1n deshabilitados como, por ejemplo, permanecer\u00a0 identificado, mantener las compras en el \u201ccarrito de la compra\u201d en un Servicio de e-commerce, recibir informaci\u00f3n dirigida a su localizaci\u00f3n o la visualizaci\u00f3n de algunos v\u00eddeos.<\/p>\n<p>&nbsp;<\/p>\n<p><strong>ACTUALIZACIONES Y CAMBIOS EN LA POL\u00cdTICA DE PRIVACIDAD \/ COOKIES:<\/strong><\/p>\n<p>Esta web puede modificar esta Pol\u00edtica de Cookies en funci\u00f3n de exigencias legislativas, reglamentarias, o con la finalidad de adaptar dicha pol\u00edtica a las instrucciones dictadas por la Agencia Espa\u00f1ola de Protecci\u00f3n de Datos, por ello se aconseja a los Usuarios que visiten peri\u00f3dicamente esta secci\u00f3n.<\/p>\n<p>Cuando se produzcan cambios significativos en esta Pol\u00edtica de Cookies, se comunicar\u00e1n a los Usuarios bien mediante la web o a trav\u00e9s de correo electr\u00f3nico a los Usuarios registrados.<\/p>\n","protected":false},"excerpt":{"rendered":"<p>a) Utilizaci\u00f3n de Cookies y Web Bugs por dusnic.es\/blog b) Tipolog\u00eda, finalidad y funcionamiento de las Cookies c) C\u00f3mo deshabilitar las Cookies y los Web Bugs en los principales navegadores d) Qu\u00e9 ocurre si se deshabilitan las Cookies &nbsp; a) Utilizaci\u00f3n de Cookies en esta p\u00e1gina: Esta web utiliza \u00a8Cookies\u00a8, y otros mecanismos similares (en &hellip; <a href=\"https:\/\/www.dusnic.es\/blog\/politica-de-cookies\/\" class=\"more-link\">Continuar leyendo<span class=\"screen-reader-text\"> \u00abPol\u00edtica de cookies\u00bb<\/span><\/a><\/p>\n","protected":false},"author":1,"featured_media":0,"parent":0,"menu_order":0,"comment_status":"closed","ping_status":"closed","template":"","meta":{"footnotes":""},"class_list":["post-7","page","type-page","status-publish","hentry"],"yoast_head":"<!-- This site is optimized with the Yoast SEO plugin v24.9 - https:\/\/yoast.com\/wordpress\/plugins\/seo\/ -->\n<title>Pol\u00edtica de cookies - Dusnic Blog<\/title>\n<meta name=\"robots\" content=\"index, follow, max-snippet:-1, max-image-preview:large, max-video-preview:-1\" \/>\n<link rel=\"canonical\" href=\"https:\/\/www.dusnic.es\/blog\/politica-de-cookies\/\" \/>\n<meta property=\"og:locale\" content=\"es_ES\" \/>\n<meta property=\"og:type\" content=\"article\" \/>\n<meta property=\"og:title\" content=\"Pol\u00edtica de cookies - Dusnic Blog\" \/>\n<meta property=\"og:description\" content=\"a) Utilizaci\u00f3n de Cookies y Web Bugs por dusnic.es\/blog b) Tipolog\u00eda, finalidad y funcionamiento de las Cookies c) C\u00f3mo deshabilitar las Cookies y los Web Bugs en los principales navegadores d) Qu\u00e9 ocurre si se deshabilitan las Cookies &nbsp; a) Utilizaci\u00f3n de Cookies en esta p\u00e1gina: Esta web utiliza \u00a8Cookies\u00a8, y otros mecanismos similares (en &hellip; Continuar leyendo &quot;Pol\u00edtica de cookies&quot;\" \/>\n<meta property=\"og:url\" content=\"https:\/\/www.dusnic.es\/blog\/politica-de-cookies\/\" \/>\n<meta property=\"og:site_name\" content=\"Dusnic Blog\" \/>\n<meta property=\"article:modified_time\" content=\"2016-06-10T10:40:59+00:00\" \/>\n<meta name=\"twitter:card\" content=\"summary_large_image\" \/>\n<meta name=\"twitter:label1\" content=\"Tiempo de lectura\" \/>\n\t<meta name=\"twitter:data1\" content=\"8 minutos\" \/>\n<script type=\"application\/ld+json\" class=\"yoast-schema-graph\">{\"@context\":\"https:\/\/schema.org\",\"@graph\":[{\"@type\":\"WebPage\",\"@id\":\"https:\/\/www.dusnic.es\/blog\/politica-de-cookies\/\",\"url\":\"https:\/\/www.dusnic.es\/blog\/politica-de-cookies\/\",\"name\":\"Pol\u00edtica de cookies - Dusnic Blog\",\"isPartOf\":{\"@id\":\"https:\/\/www.dusnic.es\/blog\/#website\"},\"datePublished\":\"2016-06-10T10:40:53+00:00\",\"dateModified\":\"2016-06-10T10:40:59+00:00\",\"breadcrumb\":{\"@id\":\"https:\/\/www.dusnic.es\/blog\/politica-de-cookies\/#breadcrumb\"},\"inLanguage\":\"es\",\"potentialAction\":[{\"@type\":\"ReadAction\",\"target\":[\"https:\/\/www.dusnic.es\/blog\/politica-de-cookies\/\"]}]},{\"@type\":\"BreadcrumbList\",\"@id\":\"https:\/\/www.dusnic.es\/blog\/politica-de-cookies\/#breadcrumb\",\"itemListElement\":[{\"@type\":\"ListItem\",\"position\":1,\"name\":\"Portada\",\"item\":\"https:\/\/www.dusnic.es\/blog\/\"},{\"@type\":\"ListItem\",\"position\":2,\"name\":\"Pol\u00edtica de cookies\"}]},{\"@type\":\"WebSite\",\"@id\":\"https:\/\/www.dusnic.es\/blog\/#website\",\"url\":\"https:\/\/www.dusnic.es\/blog\/\",\"name\":\"Dusnic Blog\",\"description\":\"Blog de marketing digital, dise\u00f1o web, redes sociales y mucho m\u00e1s. Descubre novedades con el blog de Dusnic\",\"publisher\":{\"@id\":\"https:\/\/www.dusnic.es\/blog\/#organization\"},\"potentialAction\":[{\"@type\":\"SearchAction\",\"target\":{\"@type\":\"EntryPoint\",\"urlTemplate\":\"https:\/\/www.dusnic.es\/blog\/?s={search_term_string}\"},\"query-input\":{\"@type\":\"PropertyValueSpecification\",\"valueRequired\":true,\"valueName\":\"search_term_string\"}}],\"inLanguage\":\"es\"},{\"@type\":\"Organization\",\"@id\":\"https:\/\/www.dusnic.es\/blog\/#organization\",\"name\":\"Dusnic Blog\",\"url\":\"https:\/\/www.dusnic.es\/blog\/\",\"logo\":{\"@type\":\"ImageObject\",\"inLanguage\":\"es\",\"@id\":\"https:\/\/www.dusnic.es\/blog\/#\/schema\/logo\/image\/\",\"url\":\"https:\/\/www.dusnic.es\/blog\/wp-content\/uploads\/2016\/06\/dusnic-logo.jpg\",\"contentUrl\":\"https:\/\/www.dusnic.es\/blog\/wp-content\/uploads\/2016\/06\/dusnic-logo.jpg\",\"width\":201,\"height\":60,\"caption\":\"Dusnic Blog\"},\"image\":{\"@id\":\"https:\/\/www.dusnic.es\/blog\/#\/schema\/logo\/image\/\"}}]}<\/script>\n<!-- \/ Yoast SEO plugin. -->","yoast_head_json":{"title":"Pol\u00edtica de cookies - Dusnic Blog","robots":{"index":"index","follow":"follow","max-snippet":"max-snippet:-1","max-image-preview":"max-image-preview:large","max-video-preview":"max-video-preview:-1"},"canonical":"https:\/\/www.dusnic.es\/blog\/politica-de-cookies\/","og_locale":"es_ES","og_type":"article","og_title":"Pol\u00edtica de cookies - Dusnic Blog","og_description":"a) Utilizaci\u00f3n de Cookies y Web Bugs por dusnic.es\/blog b) Tipolog\u00eda, finalidad y funcionamiento de las Cookies c) C\u00f3mo deshabilitar las Cookies y los Web Bugs en los principales navegadores d) Qu\u00e9 ocurre si se deshabilitan las Cookies &nbsp; a) Utilizaci\u00f3n de Cookies en esta p\u00e1gina: Esta web utiliza \u00a8Cookies\u00a8, y otros mecanismos similares (en &hellip; Continuar leyendo \"Pol\u00edtica de cookies\"","og_url":"https:\/\/www.dusnic.es\/blog\/politica-de-cookies\/","og_site_name":"Dusnic Blog","article_modified_time":"2016-06-10T10:40:59+00:00","twitter_card":"summary_large_image","twitter_misc":{"Tiempo de lectura":"8 minutos"},"schema":{"@context":"https:\/\/schema.org","@graph":[{"@type":"WebPage","@id":"https:\/\/www.dusnic.es\/blog\/politica-de-cookies\/","url":"https:\/\/www.dusnic.es\/blog\/politica-de-cookies\/","name":"Pol\u00edtica de cookies - Dusnic Blog","isPartOf":{"@id":"https:\/\/www.dusnic.es\/blog\/#website"},"datePublished":"2016-06-10T10:40:53+00:00","dateModified":"2016-06-10T10:40:59+00:00","breadcrumb":{"@id":"https:\/\/www.dusnic.es\/blog\/politica-de-cookies\/#breadcrumb"},"inLanguage":"es","potentialAction":[{"@type":"ReadAction","target":["https:\/\/www.dusnic.es\/blog\/politica-de-cookies\/"]}]},{"@type":"BreadcrumbList","@id":"https:\/\/www.dusnic.es\/blog\/politica-de-cookies\/#breadcrumb","itemListElement":[{"@type":"ListItem","position":1,"name":"Portada","item":"https:\/\/www.dusnic.es\/blog\/"},{"@type":"ListItem","position":2,"name":"Pol\u00edtica de cookies"}]},{"@type":"WebSite","@id":"https:\/\/www.dusnic.es\/blog\/#website","url":"https:\/\/www.dusnic.es\/blog\/","name":"Dusnic Blog","description":"Blog de marketing digital, dise\u00f1o web, redes sociales y mucho m\u00e1s. Descubre novedades con el blog de Dusnic","publisher":{"@id":"https:\/\/www.dusnic.es\/blog\/#organization"},"potentialAction":[{"@type":"SearchAction","target":{"@type":"EntryPoint","urlTemplate":"https:\/\/www.dusnic.es\/blog\/?s={search_term_string}"},"query-input":{"@type":"PropertyValueSpecification","valueRequired":true,"valueName":"search_term_string"}}],"inLanguage":"es"},{"@type":"Organization","@id":"https:\/\/www.dusnic.es\/blog\/#organization","name":"Dusnic Blog","url":"https:\/\/www.dusnic.es\/blog\/","logo":{"@type":"ImageObject","inLanguage":"es","@id":"https:\/\/www.dusnic.es\/blog\/#\/schema\/logo\/image\/","url":"https:\/\/www.dusnic.es\/blog\/wp-content\/uploads\/2016\/06\/dusnic-logo.jpg","contentUrl":"https:\/\/www.dusnic.es\/blog\/wp-content\/uploads\/2016\/06\/dusnic-logo.jpg","width":201,"height":60,"caption":"Dusnic Blog"},"image":{"@id":"https:\/\/www.dusnic.es\/blog\/#\/schema\/logo\/image\/"}}]}},"_links":{"self":[{"href":"https:\/\/www.dusnic.es\/blog\/wp-json\/wp\/v2\/pages\/7","targetHints":{"allow":["GET"]}}],"collection":[{"href":"https:\/\/www.dusnic.es\/blog\/wp-json\/wp\/v2\/pages"}],"about":[{"href":"https:\/\/www.dusnic.es\/blog\/wp-json\/wp\/v2\/types\/page"}],"author":[{"embeddable":true,"href":"https:\/\/www.dusnic.es\/blog\/wp-json\/wp\/v2\/users\/1"}],"replies":[{"embeddable":true,"href":"https:\/\/www.dusnic.es\/blog\/wp-json\/wp\/v2\/comments?post=7"}],"version-history":[{"count":1,"href":"https:\/\/www.dusnic.es\/blog\/wp-json\/wp\/v2\/pages\/7\/revisions"}],"predecessor-version":[{"id":8,"href":"https:\/\/www.dusnic.es\/blog\/wp-json\/wp\/v2\/pages\/7\/revisions\/8"}],"wp:attachment":[{"href":"https:\/\/www.dusnic.es\/blog\/wp-json\/wp\/v2\/media?parent=7"}],"curies":[{"name":"wp","href":"https:\/\/api.w.org\/{rel}","templated":true}]}}